ulate z(j).
1
Let x(w) be the third derivative of w**5/60 + w**4/4 - w**3/2 + 23*w**2. Suppose -4*o = -5*r - 5, -14 = -5*r + 1. Suppose 0 = -o*j - 17 - 8. What is x(j)?
-8
Let c(n) = -8*n - n - 13 + 7*n**2 + 2*n**2 - n**3 + 2*n + 8. Suppose -3*l + 5*l = 16. Give c(l).
3
Let u(h) = h**2 + 8*h - 11. Let g be u(-9). Let p(i) be the second derivative of 5*i**3/3 + i**2/2 + 4*i. Determine p(g).
-19
Let w(q) be the first derivative of q + 1/2*q**2 - 3. What is w(-3)?
-2
Let f(z) = z**3 + 4*z**2 - 7*z - 8. Suppose 0 = -2*j + t - 9, t - 15 = 2*j + j. What is f(j)?
-38
Let o be 1 + 2 + 2 + -2. Let r(v) = 3 - 2 - 2*v - o*v. Let t(w) = -2*w**3 - 12*w**2 - 14*w + 2. Let c be t(-2). What is r(c)?
11
Let j(f) be the first derivative of 3*f**2/2 + 2*f + 145. Let n = 0 - -2. Determine j(n).
8
Let v(n) = 2*n**2 - 2*n + 2. Let k be v(1). Let p(f) = k + 6*f + 3*f**2 - f - 2*f - 1. Determine p(-2).
7
Let q(y) be the second derivative of 7/6*y**4 + 0 - 12*y - 1/2*y**2 + 1/3*y**3. Give q(1).
15
Let m(p) be the third derivative of -p**6/120 - p**5/12 - p**3/3 + p**2. Suppose 0 = 3*y + 17*a - 16*a + 18, -4*a = -4*y - 8. Give m(y).
-2
Let g = 800 - 800. Let n(a) = -a**2 - 2*a - 1. Give n(g).
-1
Let x(f) = 5*f**3 + 13*f**2 + 22*f + 11. Let b(s) = 3*s**3 + 6*s**2 + 11*s + 5. Let n(h) = 7*b(h) - 4*x(h). Give n(11).
-9
Let f(i) be the first derivative of -i**4/4 - 3*i**3 + 3*i**2/2 + 7*i - 112. Determine f(-9).
-20
Let p(z) = -13*z + 37. Let q(j) = -3*j + 8. Let y(h) = p(h) - 5*q(h). Let x(i) = -i**2 + 6*i - 4. Let a be x(6). Calculate y(a).
-11
Let s(r) = -r**3 + 6*r**2 - 4*r - 3. Suppose 52 = 39*h - 26*h. Determine s(h).
13
Let b(c) = c - 12. Let g be b(10). Let n(v) = v**2 - v + 1. Let h(d) = -5*d**2 + 3*d - 1. Let y(q) = g*n(q) - h(q). Let l be 0 + -2 - 1 - -1*1. Give y(l).
13
Let r be (-225)/6*(-4)/6. Let v = -26 + r. Let i(b) = -19*b**2 + 2*b + 2. Let l(m) = -9*m**2 + m + 1. Let w(j) = 6*i(j) - 13*l(j). Give w(v).
3
Let y be 9/3 - (0 - -1). Let u(d) = -10*d**2 - 9*d**2 - 4*d**2 + 27*d**2 - 3 + 2*d. Determine u(y).
17
Let g be 2/(-6) + 10/30. Let p(m) = g*m**3 - 7*m**2 + 1 - m**3 - 6 - 3*m + 10*m. Let l be p(-8). Let i(j) = j + 1. Determine i(l).
4
Let r be (48/(-3))/2*44/(-88). Let g(f) = -f**3 + 5*f**2 - f - 1. Give g(r).
11
Let l(w) = -w + 4. Let m = 208 - 215. What is l(m)?
11
Let l(z) be the third derivative of -z**6/120 - z**5/20 + z**4/6 + z**3/3 + z**2. Suppose 0 = -4*g + r + r - 10, -2 = -g + 2*r. Calculate l(g).
2
Let r be 1/3 + 320/120. Suppose -4*q + 22 - 10 = 4*k, 3*k = r*q - 9. Let y(b) = -2*b - 9. Let p(x) = -2*x - 10. Let l(o) = 5*p(o) - 6*y(o). Calculate l(q).
10
Suppose 33*w - 30*w - 9 = -5*d, w + 7 = -5*d. Let m(u) = -5*u + 6. Let l(k) = -4*k + 7. Let v(o) = -4*l(o) + 3*m(o). What is v(w)?
-2
Let c be (-7 - -2 - -2)*-1. Suppose 5*r = f - 4 + 10, -f = -3*r + 2. Let j(h) = -4*h**2 - h**3 - 7*h**2 + c*h**r + 3 - 7*h + 0*h. What is j(-7)?
3
Let i(t) = t**2 + 24*t - 17. Let q(d) = -d**2 - 15*d + 17. Let z(b) = -3*i(b) - 4*q(b). Give z(15).
28
Let r(y) = y**3 - 11*y**2 - 2*y + 18. Let l be 3 - -6 - 18/(-9). What is r(l)?
-4
Let b(j) = -2 + 5 - j - 2. Let u(l) = -2*l + 9. Let t(g) = 3*b(g) - u(g). What is t(-5)?
-1
Let w(l) = l**2 + 20*l + 35. Suppose 0 = -i + 12*i + 198. Determine w(i).
-1
Suppose 0 = -v + 13 - 7. Let s be (-3)/v*-16*1/(-2). Let q(m) = -m - 1. Give q(s).
3
Let j(i) be the first derivative of 2*i**2 + 4*i + 61. Let m(x) = -9*x - 6. Let b(l) = -7*j(l) - 3*m(l). Determine b(-6).
-4
Let r(d) be the second derivative of -d**5/20 - 5*d**2/2 + d. Let g be (-2)/(-4)*(-3 - (1 - 3))*0. What is r(g)?
-5
Let q be 12/(-18)*42/4. Let b = 3 + q. Let i(y) = -y**3 - 4*y**2 - 2*y - 1. Calculate i(b).
7
Let p(c) = c**3 - 5*c**2 - 4*c - 2. Let k = 98 + -94. What is p(k)?
-34
Suppose 5*s = 18 - 3. Suppose -s*r - 4 = -r. Let v(z) = -z**2 + 1. Let q(j) = j**2 - 1. Let w(f) = -3*q(f) - 4*v(f). Calculate w(r).
3
Let d(p) = p**2 + p. Let o be 2 - (-4)/(12/9). Let q(t) = 6 - o*t - 2 + 1 + t**2. Let w be q(2). Give d(w).
0
Let f(a) = a**3 - a**2. Let t be 1*(22 - 2)/4. Let i(m) = 1 - 6*m**2 - 6*m**2 + t*m + 2 + 14*m**2. Let b be i(-2). Determine f(b).
0
Let m(b) = -b - 4. Let a(l) = -4*l - 20. Suppose -6*j = -2*j - 12. Let s(x) = j*a(x) - 14*m(x). What is s(6)?
8
Let n(d) = 11*d**2 + 5*d + 22. Let i(y) = -9*y**2 - 5*y - 19. Let m(j) = -5*i(j) - 4*n(j). Suppose 2*k - 4*k = 10. Give m(k).
7
Let t be (-21)/42 + 9/6. Let w(r) = 4*r**3 - r**2 - 5*r + 4*r + 4*r**3 + 1. Calculate w(t).
7
Suppose 0 = 39*w - 476 + 47. Let a(f) = -f**3 + 11*f**2 + f - 14. What is a(w)?
-3
Let p(y) = -5*y**2 - y - 5. Suppose 3*z - 4*m + 32 = 14, -2*z = m + 1. Give p(z).
-23
Suppose -3*x = 2*j - 11 - 0, 16 = 4*j. Let s(m) = -8*m + 2. What is s(x)?
-6
Let p(x) = 8*x**3 + 4*x**2 - 2*x - 1. Suppose 0*n = -3*n - 6. Let o(v) = 17*v**3 + 9*v**2 - 5*v - 2. Let h(j) = n*o(j) + 5*p(j). Determine h(1).
7
Suppose -5*m - 28 = 12. Let b(t) = -t**2 - t**3 - 11 + 3*t**2 - 4*t**2 - 10*t - 7*t**2. Determine b(m).
5
Let t(y) = y**2 + 7*y - 2. Let q(a) = a**2 + 5*a - 1. Let d(g) = -4*q(g) + 3*t(g). What is d(2)?
-4
Suppose 16*x - 10 - 22 = 0. Let m(b) = -6*b**x + 7*b - 1 + 0*b - 10*b + 5*b. What is m(2)?
-21
Let j(t) = t**3 + 13*t**2 + t - 2. Let x = 3 - 16. Calculate j(x).
-15
Let o(z) = -z**3 + 5*z**2 + 2*z + 6. Let f be o(5). Suppose -7*x = -9*x + f. Let g be x/52 - (-4)/(-26). Let y(s) = s**2 - 10. What is y(g)?
-10
Let f(t) = 2*t. Let w be 88/22*(1 - 2). Give f(w).
-8
Let o(h) = -h - 5. Let v(m) = -m - 8. Let z be v(-8). Suppose z = -5*l + 5*f - 45, -2*l - 3*f = 9 - 1. Let g = l + 3. Calculate o(g).
-1
Let m(h) = h - 2. Let q(b) = 4*b - 16. Let y be q(11). Let r(u) = -u - 30. Let p be r(0). Let j = p + y. Determine m(j).
-4
Let b(q) = q**3 + q**2 - 19*q + 3. Let c(k) = 2*k**3 + 2*k**2 - 39*k + 7. Let a(w) = 7*b(w) - 3*c(w). Let h(m) be the second derivative of a(m). Calculate h(3).
20
Let v(b) be the first derivative of -2*b**3/3 - 7*b**2/2 - 6*b - 2. Let q be (-1)/4 + (-4)/((-32)/(-30)). Give v(q).
-10
Let k(h) be the first derivative of h**3/3 + h**2 - 3*h + 31. Give k(2).
5
Let h(o) be the third derivative of 0*o - 11*o**2 - 1/6*o**4 + 0 + 1/60*o**5 + 0*o**3. What is h(2)?
-4
Let f be (-2)/(-4) + (-2)/(4/(-7)). Let i(d) = d**2 - d - 4. Determine i(f).
8
Let y(o) = -o**2 + 4*o + 6. Let r(l) = -4*l**2 - l + 1. Let w be r(1). Give y(w).
-26
Let v be 0/6 + (-1)/1. Let l(h) be the second derivative of h**5/120 - h**4/24 - 2*h**3/3 + 3*h. Let a(x) be the second derivative of l(x). Calculate a(v).
-2
Let v(i) = -i**2 + 7*i + 2. Let t(n) = -4*n**2 + 20*n + 3. Let k(f) = -2*t(f) + 7*v(f). What is k(-8)?
0
Let z(r) = 9*r + 2. Let g = -98 - -105. Let l(y) = 5*y + 1. Let x(h) = g*l(h) - 3*z(h). Calculate x(-3).
-23
Let d(k) = -6*k**2 + 6*k - 3. Let i(t) = -3*t**2 + 3*t - 1. Let w(x) = 2*d(x) - 5*i(x). Calculate w(-1).
5
Let c(i) = -i**3 - 6*i**2 + 6*i + 1. Let x = 124 + -125. Let m be x + (-10)/(-2) - (-22)/(-2). Determine c(m).
8
Let v be (12/(-21))/(2/(-7)). Let l(k) = 3*k - v*k + 2*k. Let f = -34 - -32. Give l(f).
-6
Let g(j) = -37*j + 5. Let k(i) = -101*i + 14. Let x(q) = -11*g(q) + 4*k(q). What is x(3)?
10
Let r = 4 + -9. Let i be (-36)/30*2/(4/(-5)). Let z(v) = 32 + 4*v**2 - 25 - v**2 + 2*v**2 + 2*v + v**i. Determine z(r).
-3
Let p(a) = -13*a**2 + 9*a - 2. Let q(i) = -2*i**2 + i. Let x(k) = p(k) - 6*q(k). Let y = 5 + -3. Determine x(y).
0
Let m(w) = w**2 + 151*w + 735. Let j be m(-5). Let k(a) be the second derivative of -a**5/20 + 5*a**4/12 - a**3/3 - 5*a**2/2 - a. Determine k(j).
-15
Let l(f) be the third derivative of f**4/8 - 3*f**3/2 - 4*f**2. Let t(g) = 5*g - 17. Let a(p) = 7*l(p) - 4*t(p). Calculate a(-10).
-5
Let k(t) = t**2 + 4*t - 1. Let g be (-21)/(-49) + 76/(-14). Determine k(g).
4
Suppose d = -6*d + 42. Let u(b) = -b**2 + 8*b. Give u(d).
12
Suppose p = 5*p - 12. Suppose 6 + 9 = p*x. Suppose -7*d - 4 = 4*s - 3*d, x*s + 4*d = 0. Let f(j) = j - 1. Give f(s).
3
Let q(j) be the third derivative of 7*j**4/24 - j**3/6 + j**2. Let b = -883 + 884. Give q(b).
6
Let g(c) = -66*c + 1587. Let w be g(24). Let q(x) be the third derivative of x**4/6 - x**3 - x**2. Determine q(w).
6
Let r(k) = -4315*k**2 + 4312*k**2 + 2*k - 4*k - 1 - 5*k. Calculate r(-3).
-7
Let i(v) = 2*v. Let g(n) = -14*n - 4. Let l(o) = g(